{"id":75,"date":"2023-12-12T23:04:34","date_gmt":"2023-12-12T23:04:34","guid":{"rendered":"https:\/\/perspectivaisabela.com\/?page_id=75"},"modified":"2024-01-13T17:45:29","modified_gmt":"2024-01-13T17:45:29","slug":"our-history","status":"publish","type":"page","link":"https:\/\/perspectivaisabela.com\/index.php\/our-history\/","title":{"rendered":"Our history"},"content":{"rendered":"\t\t<div data-elementor-type=\"wp-page\" data-elementor-id=\"75\" class=\"elementor elementor-75\">\n\t\t\t\t\t\t\t<div class=\"elementor-element elementor-element-fa14cf5 e-con-full e-flex e-con e-parent\" data-id=\"fa14cf5\" data-element_type=\"container\" data-settings=\"{&quot;content_width&quot;:&quot;full&quot;,&quot;background_background&quot;:&quot;slideshow&quot;,&quot;background_slideshow_gallery&quot;:[{&quot;id&quot;:599,&quot;url&quot;:&quot;https:\\\/\\\/perspectivaisabela.com\\\/wp-content\\\/uploads\\\/2024\\\/01\\\/pexels-iain-2267909-scaled.jpg&quot;}],&quot;background_slideshow_loop&quot;:&quot;yes&quot;,&quot;background_slideshow_slide_duration&quot;:5000,&quot;background_slideshow_slide_transition&quot;:&quot;fade&quot;,&quot;background_slideshow_transition_duration&quot;:500}\" data-core-v316-plus=\"true\">\n\t\t\t\t<div class=\"elementor-element elementor-element-090c7fb elementor-widget__width-initial elementor-widget elementor-widget-text-editor\" data-id=\"090c7fb\" data-element_type=\"widget\" data-widget_type=\"text-editor.default\">\n\t\t\t\t<div class=\"elementor-widget-container\">\n\t\t\t<style>\/*! elementor - v3.18.0 - 08-12-2023 *\/\n.elementor-widget-text-editor.elementor-drop-cap-view-stacked .elementor-drop-cap{background-color:#69727d;color:#fff}.elementor-widget-text-editor.elementor-drop-cap-view-framed .elementor-drop-cap{color:#69727d;border:3px solid;background-color:transparent}.elementor-widget-text-editor:not(.elementor-drop-cap-view-default) .elementor-drop-cap{margin-top:8px}.elementor-widget-text-editor:not(.elementor-drop-cap-view-default) .elementor-drop-cap-letter{width:1em;height:1em}.elementor-widget-text-editor .elementor-drop-cap{float:left;text-align:center;line-height:1;font-size:50px}.elementor-widget-text-editor .elementor-drop-cap-letter{display:inline-block}<\/style>\t\t\t\t<p>Hace apenas un destello en el tiempo, naci\u00f3 ISABELA, una apuesta por la luminosidad \u00fanica que solo la madera y el papel pueden ofrecer. En este breve lapso, hemos tejido con esmero la esencia de la luz, fusionando la calidez de la madera con la delicadeza del papel y la eficiencia moderna de la tecnolog\u00eda LED.<\/p><p>\u00a0<\/p><p>Cada l\u00e1mpara que creamos es m\u00e1s que una fuente de luz; es una historia contada en texturas naturales y destellos contempor\u00e1neos. Nos enorgullece no solo iluminar espacios, sino tambi\u00e9n crear ambientes que inspiren, que conecten con la esencia de cada rinc\u00f3n que tocamos.<\/p><p>\u00a0<\/p><p>Aunque nuestra trayectoria es breve, el arte de iluminar con elegancia y creatividad ya ha dejado su huella en hogares y espacios especiales. Nos movemos con la convicci\u00f3n de que la luz puede transformar, y cada l\u00e1mpara de ISABELA lleva consigo el compromiso de encender no solo ambientes, sino tambi\u00e9n emociones.<\/p><p>\u00a0<\/p><p>\u00danete a nosotros en este viaje luminoso, donde la madera y el papel se entrelazan para tejer historias luminosas que iluminan tu vida de una manera \u00fanica.<\/p>\t\t\t\t\t\t<\/div>\n\t\t\t\t<\/div>\n\t\t\t\t<\/div>\n\t\t\t\t\t\t\t<\/div>\n\t\t","protected":false},"excerpt":{"rendered":"<p>Hace apenas un destello en el tiempo, naci\u00f3 ISABELA, una apuesta por la luminosidad \u00fanica que solo la madera y el papel pueden ofrecer. En este breve lapso, hemos tejido con esmero la esencia de la luz, fusionando la calidez de la madera con la delicadeza del papel y la eficiencia moderna de la tecnolog\u00eda [&hellip;]<\/p>\n","protected":false},"author":1,"featured_media":0,"parent":0,"menu_order":0,"comment_status":"closed","ping_status":"closed","template":"","meta":{"footnotes":""},"jetpack_sharing_enabled":true,"_links":{"self":[{"href":"https:\/\/perspectivaisabela.com\/index.php\/wp-json\/wp\/v2\/pages\/75"}],"collection":[{"href":"https:\/\/perspectivaisabela.com\/index.php\/wp-json\/wp\/v2\/pages"}],"about":[{"href":"https:\/\/perspectivaisabela.com\/index.php\/wp-json\/wp\/v2\/types\/page"}],"author":[{"embeddable":true,"href":"https:\/\/perspectivaisabela.com\/index.php\/wp-json\/wp\/v2\/users\/1"}],"replies":[{"embeddable":true,"href":"https:\/\/perspectivaisabela.com\/index.php\/wp-json\/wp\/v2\/comments?post=75"}],"version-history":[{"count":4,"href":"https:\/\/perspectivaisabela.com\/index.php\/wp-json\/wp\/v2\/pages\/75\/revisions"}],"predecessor-version":[{"id":602,"href":"https:\/\/perspectivaisabela.com\/index.php\/wp-json\/wp\/v2\/pages\/75\/revisions\/602"}],"wp:attachment":[{"href":"https:\/\/perspectivaisabela.com\/index.php\/wp-json\/wp\/v2\/media?parent=75"}],"curies":[{"name":"wp","href":"https:\/\/api.w.org\/{rel}","templated":true}]}}